 - -4. Let j(x) = 7859*x - 7859*x + x**2 + 0*x**2. What is j(o)?
9
Let f(t) = -5*t**2 - 3*t. Let k = -280 + 277. Give f(k).
-36
Let w = -13 - -11. Let j(y) = -y**3 + 3*y**2 - 2. Calculate j(w).
18
Suppose -2*y = -10, a + 1 = 3*a + 3*y. Let k(m) be the second derivative of -m**5/20 - m**4/2 + 4*m**3/3 + m**2/2 - 128*m. Give k(a).
-6
Let j = 71 + -5. Let t = j - 69. Let m(g) be the first derivative of -g**4/4 - g**3 - g**2/2 - 4*g - 1. Calculate m(t).
-1
Let w(l) be the second derivative of l**5/20 + l**4/4 + l**3/2 + l**2/2 + 4*l - 19. What is w(-3)?
-8
Let n = 106 + -102. Let o(l) = -l**2 - 3*l + 3. Give o(n).
-25
Let z = -21 - -14. Let t(c) be the second derivative of c**5/20 + c**4/2 - c**3 + c**2 - 3*c - 2. What is t(z)?
-5
Suppose -20*z = -23*z - 411. Let y = z - -135. Let c(u) = -2*u + 3. Determine c(y).
7
Let i(g) be the first derivative of g**2/2 + 15*g - 202. Give i(-9).
6
Let x = 35 - -1. Let j(v) = -v - x - 34 + 71. What is j(3)?
-2
Suppose v - 2 = 2*r, -4*r - 5*v - 95 = -63. Let j(l) = -1 + l**3 - 2*l**3 - 3*l**2 + 0*l**3. Give j(r).
-1
Let r(s) = -12*s + 2. Let g be r(0). Let m(v) be the third derivative of 0 - 1/4*v**4 - 1/120*v**6 + 3*v**g - 5/6*v**3 - 1/12*v**5 + 0*v. What is m(-4)?
3
Let b(l) be the second derivative of -3*l**3/2 - l**2 - 89*l. Give b(-9).
79
Let i(z) = -3 - 26*z + 2*z**2 + 4 + 22*z + 0*z**2 - z**3. Give i(3).
-20
Suppose 5*x = -5 - 25. Let u(c) = 2*c**2 + 8*c - 10. Let k(y) = -2*y**2 - 7*y + 13. Let r(i) = 6*k(i) + 7*u(i). Let t be r(x). Let p(w) = w + 5. What is p(t)?
1
Let r(z) be the third derivative of -z**5/60 - z**4/8 + 2*z**3/3 - z**2. Suppose -51*i - 355 + 151 = 0. What is r(i)?
0
Let b(d) = -d**3 - 3*d**2 + 12*d - 2. Let m be b(-5). Let y(t) = -t**3 - 12*t**2 - 3. Determine y(m).
-3
Let n = -40 - -26. Let x = -11 - n. Let c(a) be the second derivative of -a**5/20 + a**4/6 + a**3/3 + a**2 + 4*a - 1. What is c(x)?
-1
Suppose -7*l = -8*l + 4. Suppose 3*n + i - 33 = 0, 4*n + 2*i - l - 38 = 0. Suppose -3*x + n = -x. Let f(d) = -d**3 + 5*d**2 + 5*d. Determine f(x).
-6
Suppose 2*s = s - 3*k + 2, 6 = 3*s - 2*k. Let g(d) = 1 - d - 7*d**2 + 10*d**2 - d**s. What is g(1)?
2
Let o(p) = 2*p**2 - 3 - 6*p**2 - 3*p**2 + 3*p**3 - 3 - 4*p**3 - 6*p. Give o(-6).
-6
Let d(j) = 7*j**2 + 5*j - 7. Suppose a - 50 = -9*a. Let y(s) = 10*s**2 + 8*s - 11. Let g(k) = a*y(k) - 7*d(k). Calculate g(-6).
0
Let g(b) be the first derivative of 5*b**2/2 - 4. Let d(l) = -l**3 + l**2 + 2*l + 13. Let a be d(3). What is g(a)?
5
Let o(z) be the second derivative of -z**5/20 - 13*z**4/12 - 5*z**3/2 - 3*z**2 + 10*z + 13. Give o(-12).
30
Let g(r) = 5*r + 1. Suppose 3*s + 2*t - 8 = 4*s, -4*s - 17 = -5*t. What is g(s)?
11
Let k(j) = -2*j + j + 3 - 15. Let d be k(-9). Let w be 1/(d/27) - -3. Let z(n) = -n**3 - 7*n**2 - 6*n + 1. Determine z(w).
1
Suppose 6 = 3*j - j. Let x(l) = -l**j - 1 - l + 0*l + 0*l**3 - 4*l**2. Suppose 0 = 3*i - 3*k + 18, -4*k + 0*k = -2*i - 16. What is x(i)?
3
Suppose 157*k + 245 = 192*k. Let x(a) = -4*a + 23. What is x(k)?
-5
Let j(o) = 15*o + o**2 - 162 + 94 + 84. What is j(-15)?
16
Suppose -12 = -4*i + 3*i - 2*n, 0 = 4*i - 2*n - 8. Suppose -i*z + 13 + 3 = 0. Let y(x) = 4*x**2 - z*x + 0*x - x - 1 + 3*x. Calculate y(-1).
5
Let j(r) = -2*r + 22. Suppose 19*g = 21*g - 28. Let k be j(g). Let l(f) = -f**3 - 7*f**2 - 4*f. Calculate l(k).
-12
Let i(d) = d + 2. Let n be i(-5). Let c(x) = 2*x**2 - 6*x + 1. Let q(s) = -6*s + 3*s**2 + 10 - 2 - 2 - 5. Let f(j) = n*q(j) + 4*c(j). Calculate f(-5).
6
Let p = -12 + 8. Let d = 2 + -2. Let q(b) = -3 + 4*b**2 + 1 - 2*b + d*b**2 + b**3. Give q(p).
6
Let w = 55 - 41. Suppose -15*x - 4 = -w*x. Let p(v) = v**3 + 3*v**2 - v. What is p(x)?
-12
Let a(k) = k**2 - 6*k + 1. Suppose 0 = 8*h - 15*h + 28. What is a(h)?
-7
Let u(y) be the third derivative of -y**5/60 + y**4/4 - 13*y**3/6 + 138*y**2. Give u(3).
-4
Let q(a) = a**2 - 20*a - 4. Let k be q(20). Let g be (0 - k/(-3))/((-22)/(-33)). Let r(s) = 5*s + 3. Calculate r(g).
-7
Let a(v) = 3*v - 10. Let h be a(0). Let x(m) = -2*m - 11. Give x(h).
9
Let o = 88 - 2111/24. Let u(j) be the third derivative of 1/120*j**6 - 1/20*j**5 + o*j**4 - 5*j**2 - 1/6*j**3 + 0 + 0*j. What is u(2)?
-3
Let q(h) be the third derivative of -h**5/60 - 7*h**4/24 + 4*h**3/3 + 120*h**2. Give q(-7).
8
Let f be 13/3 + (-2)/24*-8. Let r(h) = 2*h - f*h + 19*h - 1 - 4*h. Give r(1).
11
Let b(l) be the second derivative of -l**3/2 + l**2/2 - 28*l. Suppose -2*r = 5*j - 29, -3*j + 8 = -3*r - 1. Let y = r - 1. What is b(y)?
-2
Let t(d) be the first derivative of -d**3 - 3/2*d**2 + 2*d + 1 + 1/4*d**4. Suppose 0 = y - g, 3*g + 21 = 4*y + 6*g. Calculate t(y).
-7
Let c = 4 + 0. Let f(l) be the first derivative of l**5/60 - l**4/6 + l**3/3 - 2. Let s(p) be the third derivative of f(p). Give s(c).
4
Let i(u) = 19 + 18 - 2*u - 34. Suppose -5*m = 25, -2*n - 10 = -7*n - m. Calculate i(n).
-3
Let w(a) = 4*a**2 - 17. Let d(n) = n**2 - 2*n - 22. Let t be d(0). Let p = 25 + t. Let i(l) = 5*l**2 - 18. Let o(c) = p*i(c) - 4*w(c). Give o(0).
14
Suppose -j = -2*v - 6, -4*j - 7 - 29 = 4*v. Let k(c) = 2*c**3 + 3*c**2 + c - 2. Let z(n) = -n**3 - 2*n**2 - n + 1. Let a(b) = 4*k(b) + 9*z(b). What is a(v)?
1
Suppose i + 5 = 2*i. Let p(d) = d**2 + d - 7. Calculate p(i).
23
Let p(x) = -x + 6. Suppose 6*f - 13 = 5. Suppose -f*i + 12 = -15. Calculate p(i).
-3
Let f(h) = 3*h + 46. Let i(r) = 9*r + 131. Let k(c) = 17*f(c) - 6*i(c). What is k(4)?
-16
Let m = -28 + 30. Let t be 6*(-1)/((-6)/m). Let w(p) = 9 + 10 - p**3 - 21 + p**t. Calculate w(2).
-6
Let w = -163 - -160. Let o = -2 - -1. Let x be (3 - (-12)/w)*o. Let r(h) = 9*h**3 - h. What is r(x)?
8
Let j(d) = 3*d - 2. Let x(i) = 13*i - 27. Let m(n) = 4*j(n) - x(n). Calculate m(18).
1
Let p(b) = 5*b - 29. Let i(k) = -5*k + 25. Let h(t) = 5*i(t) + 4*p(t). What is h(7)?
-26
Let v(c) = -64*c + 17. Let w(q) = 35*q - 9. Let b(a) = 6*v(a) + 11*w(a). Suppose -8 = -l + 3*j, -3*j - 2*j = 20. Calculate b(l).
-1
Let g(y) be the third derivative of -y**5/60 + y**4/4 + y**3/2 - 18*y**2 - 3. Give g(6).
3
Let w(b) = b - 6*b - 3*b - 2*b - 2. Let a(v) = -1. Let d(l) = 3*a(l) - w(l). Let k be 1 + ((-1)/(-2)*4)/(-1). Calculate d(k).
-11
Let r(p) = p + 2. Let n(w) = -w**3 - 13*w**2 - 2*w - 8. Let u be n(-13). Let c be (-8)/(-3) - ((-150)/u + 8). Calculate r(c).
5
Let g(d) = -d**2 - 4*d - 25. Let i(f) = -8*f**2 - 29*f - 188. Let a(l) = -15*g(l) + 2*i(l). Let s = -5 + 3. Let o = s + 0. Calculate a(o).
-9
Let s(r) = -2*r**2 - 14*r + 6. Suppose 236 + 9 = -35*p. What is s(p)?
6
Let a(b) = 9*b**2 - b. Let m = -18 - -21. Suppose -3*d - 9 = -y - 2, m*y + 3*d = -3. Determine a(y).
8
Let c be (-6)/(-4)*2 - -1. Suppose c*b = -2 - 10. Let a(p) be the second derivative of p**3/3 + p**2 - p. What is a(b)?
-4
Let g = -13 + 8. Let t(u) be the first derivative of -1/4*u**4 + u - 5/3*u**3 + 1/2*u**2 + 3. Give t(g).
-4
Let z(f) = -5*f + 25. Let x(q) = -2*q + 12. Let l = -11 + 5. Let d(m) = l*z(m) + 13*x(m). Give d(-5).
-14
Let w(l) = 14*l + 8. Let k(t) = t - 2. Let s(a) = -3*k(a) - w(a). What is s(-2)?
32
Let z(v) = v**2 + 1. Let s be z(-1). Suppose 5*k - 7 = -s. Let y(j) = 3*j + k - 7*j - 3*j - j**2. Determine y(-6).
7
Let n(d) = d**2 + 10*d - 12. Let w(j) = -j**2 + 5*j + 13. Let t be w(-3). Determine n(t).
-1
Let c(a) = -a - 4. Let p(w) = 2*w - 46. Let z be p(15). Let j be (z - -4) + (4 - -1). Determine c(j).
3
Let d(u) = 2*u**2 + 25*u + 7. Let c(s) = -2*s**2 - 25*s - 7. Let h(v) = 6*c(v) + 5*d(v). Determine h(-12).
5
Let w = 163 - 161. Let f(v) = v**3 - v**2 - v - 1. Let j(h) = -2*h**2 + 1. Let r(g) = -f(g) + j(g). What is r(w)?
-8
Let x = 157 + -163. Let a(j) = -j**3 - 3*j - 2 + j - 7*j**2 - 4*j + 0*j**3. What is a(x)?
-2
Let p(m) = 4*m**3 - m**2 - 5*m - 7. Let x(s) = 5*s**3 - 2*s**2 - 6*s - 8. Let v(f) = 6*p(f) - 5*x(f). Let n = 989 - 985. Calculate v(n).
-2
Let i(l) = l**2 + 9*l + 4. Let b be i(-8). Let c be ((-20)/(-25))/(2/5). Let a(o) = -c*o - 3 - 5 + 1 + 5 + o**3 + 4*o**2. Determine a(b).
6
Let a(b) = -b**2 + 8*b - 5. Let u be a(4). Let j(k) = -8*k + 7*k - 5 + 2*k - k**2 + k**3 + u. What is j(0)?
6
Let t(z) be the second derivative of -z**5/20 - z**4/2 - z**3 - 6*z**2 - 33*z. Determine t(-5).
-7
Let y(g) = 3*g**3 + 14*g**2 - 9*g - 14. Let k be y(-5). Let w(b) = -3*b**2 + 21*b - 10. What is w(k